{"id":245,"date":"2016-12-20T09:54:24","date_gmt":"2016-12-20T06:54:24","guid":{"rendered":"http:\/\/Bscentras.lt\/?page_id=245"},"modified":"2021-10-04T21:21:11","modified_gmt":"2021-10-04T18:21:11","slug":"fanfold-d-v5","status":"publish","type":"page","link":"https:\/\/bscentras.lt\/?page_id=245","title":{"rendered":"FanFold-D V5"},"content":{"rendered":"<p style=\"text-align: center;\"><a href=\"http:\/\/Bscentras.lt\/wp-content\/uploads\/2016\/12\/Index-fan-fold-v5-bsc.jpg\"><img loading=\"lazy\" decoding=\"async\" class=\"alignnone size-medium wp-image-258\" src=\"http:\/\/Bscentras.lt\/wp-content\/uploads\/2016\/12\/Index-fan-fold-v5-bsc-242x300.jpg\" alt=\"\" width=\"242\" height=\"300\" srcset=\"https:\/\/bscentras.lt\/wp-content\/uploads\/2016\/12\/Index-fan-fold-v5-bsc-242x300.jpg 242w, https:\/\/bscentras.lt\/wp-content\/uploads\/2016\/12\/Index-fan-fold-v5-bsc-768x952.jpg 768w, https:\/\/bscentras.lt\/wp-content\/uploads\/2016\/12\/Index-fan-fold-v5-bsc.jpg 807w\" sizes=\"auto, (max-width: 242px) 100vw, 242px\" \/><\/a><\/p>\n<ul>\n<li>1000 puslapi\u0173\/val.<\/li>\n<li>\u017demas triuk\u0161mo lygis<\/li>\n<li>Nuotolin\u0117 pagalba internetu<\/li>\n<li>Auk\u0161tos rai\u0161kos lyt\u0117jimo grafika<\/li>\n<li>Lengva prie\u017ei\u016bra vietoje<\/li>\n<li>Protinga vartotojo s\u0105saja<\/li>\n<\/ul>\n<p>FanFold-D V5 kartos spausdintuvai yra didel\u0117s spartos Brailio spausdintuvas kurio pagrindas yra gerai pasitvirtinusi BrailleBox V5 technologij\u0173 platforma. Jis jungia puiki\u0105 ta\u0161ko kokyb\u0119, didel\u012f spaudos greit\u012f, ma\u017eos prie\u017ei\u016bros s\u0105naudos ir konkurencinga kaina. \u0160io spausdintuvo principas sudarytas i\u0161 trij\u0173 komponent\u0173. Mechaniniai ir elektroniniai moduliai paimti i\u0161 BrailleBox platformos, perforuoto popieriaus pa\u0117mimo mechanizmas paimtas i\u0161 Basic-D,<br \/>\nir triuk\u0161mo ma\u017einimo technologija i\u0161 Index Acoustic Hoods akustin\u0117s spintos. \u0160i\u0173 paprast\u0173 princip\u0173 derinys veda prie puikaus rezultato, geriausio tradicinio Brailio spausdintuvo kada nors pagaminto.<br \/>\nFanFold-D yra pristatomi ant pad\u0117klo, paruo\u0161tas naudoti i\u0161kart.<\/p>\n<p>Spausdintuvo techniniai duomenys:<\/p>\n<table id=\"techspecs\" class=\"list single-column-list\">\n<tbody>\n<tr class=\"techspec-category\">\n<th colspan=\"2\">\n<h3>Brailis<\/h3>\n<\/th>\n<\/tr>\n<tr class=\"techspec\">\n<td class=\"key\">\n<h4><strong>Spausdinimo greitis, Simboli\u0173 Per Sekund\u0119<span id=\"result_box\" class=\"short_text\" lang=\"en\"><\/span><\/strong><\/h4>\n<\/td>\n<td class=\"value\" style=\"text-align: center;\">330 sps<\/td>\n<\/tr>\n<tr class=\"techspec\">\n<td class=\"key\">\n<h4><strong>Spausdina ant vienos lapo pus\u0117s<br \/>\n<\/strong><\/h4>\n<\/td>\n<td class=\"value\"><img decoding=\"async\" class=\"aligncenter\" src=\"http:\/\/www.indexbraille.com\/Website\/Templates\/IndexBraille\/Theme\/Images\/list-style-check.png\" \/><\/td>\n<\/tr>\n<tr class=\"techspec\">\n<td class=\"key\">\n<h4><strong>Spausdina ant abiej\u0173 lapo pusi\u0173<\/strong><\/h4>\n<\/td>\n<td class=\"value\"><img decoding=\"async\" class=\"aligncenter\" src=\"http:\/\/www.indexbraille.com\/Website\/Templates\/IndexBraille\/Theme\/Images\/list-style-check.png\" \/><\/td>\n<\/tr>\n<tr class=\"techspec\">\n<td class=\"key\">\n<h4><strong>Vertikalus spausdinimas<br \/>\n<\/strong><\/h4>\n<\/td>\n<td class=\"value\"><img decoding=\"async\" class=\"aligncenter\" src=\"http:\/\/www.indexbraille.com\/Website\/Templates\/IndexBraille\/Theme\/Images\/list-style-check.png\" \/><\/td>\n<\/tr>\n<tr class=\"techspec\">\n<td class=\"key\">\n<h4><strong>Kei\u010diamas tarpas tarp eilu\u010di\u0173<br \/>\n<\/strong><\/h4>\n<\/td>\n<td class=\"value\"><img decoding=\"async\" class=\"aligncenter\" src=\"http:\/\/www.indexbraille.com\/Website\/Templates\/IndexBraille\/Theme\/Images\/list-style-check.png\" \/><\/td>\n<\/tr>\n<tr class=\"techspec\">\n<td class=\"key\">\n<h4><strong>Brailio raid\u0117s dydis<br \/>\n<\/strong><\/h4>\n<\/td>\n<td class=\"value\" style=\"text-align: center;\">2.5 mm<\/td>\n<\/tr>\n<tr class=\"techspec\">\n<td class=\"key\">\n<h4><strong>Lyt\u0117jimo (taktilin\u0117s) grafikos rezoliucija<br \/>\n<\/strong><\/h4>\n<\/td>\n<td class=\"value\" style=\"text-align: center;\"><\/td>\n<\/tr>\n<tr class=\"techspec\">\n<td class=\"key\">\n<h4><strong>Ta\u0161ko formavimo technologija<br \/>\n<\/strong><\/h4>\n<\/td>\n<td class=\"value\" style=\"text-align: center;\">trys galvos su 13 metalini\u0173 plaktuk\u0173<\/td>\n<\/tr>\n<tr class=\"techspec-category\">\n<th colspan=\"2\">\n<h3>Jungtys<\/h3>\n<\/th>\n<\/tr>\n<tr class=\"techspec\">\n<td class=\"key\">\n<h4><strong>USB<\/strong><\/h4>\n<\/td>\n<td class=\"value\"><img decoding=\"async\" class=\"aligncenter\" src=\"http:\/\/www.indexbraille.com\/Website\/Templates\/IndexBraille\/Theme\/Images\/list-style-check.png\" \/><\/td>\n<\/tr>\n<tr class=\"techspec\">\n<td class=\"key\">\n<h4><strong><span id=\"result_box\" class=\"short_text\" lang=\"lt\"><span class=\"\">USB atminties kortel\u0117<\/span><\/span><\/strong><\/h4>\n<\/td>\n<td class=\"value\"><img decoding=\"async\" class=\"aligncenter\" src=\"http:\/\/www.indexbraille.com\/Website\/Templates\/IndexBraille\/Theme\/Images\/list-style-check.png\" \/><\/td>\n<\/tr>\n<tr class=\"techspec\">\n<td class=\"key\">\n<h4><strong>Wi-Fi tinklas<br \/>\n<\/strong><\/h4>\n<\/td>\n<td class=\"value\"><img decoding=\"async\" class=\"aligncenter\" src=\"http:\/\/www.indexbraille.com\/Website\/Templates\/IndexBraille\/Theme\/Images\/list-style-check.png\" \/><\/td>\n<\/tr>\n<tr class=\"techspec\">\n<td class=\"key\">\n<h4><strong>Interneto tinklas<br \/>\n<\/strong><\/h4>\n<\/td>\n<td class=\"value\"><img decoding=\"async\" class=\"aligncenter\" src=\"http:\/\/www.indexbraille.com\/Website\/Templates\/IndexBraille\/Theme\/Images\/list-style-check.png\" \/><\/td>\n<\/tr>\n<tr class=\"techspec\">\n<td class=\"key\">\n<h4><strong>Bluetooth<\/strong><\/h4>\n<\/td>\n<td class=\"value\"><img decoding=\"async\" class=\"aligncenter\" src=\"http:\/\/www.indexbraille.com\/Website\/Templates\/IndexBraille\/Theme\/Images\/list-style-check.png\" \/><\/td>\n<\/tr>\n<tr class=\"techspec\">\n<td class=\"key\">\n<h4><strong>Palaiko mobilius \u012frenginius<br \/>\n<\/strong><\/h4>\n<\/td>\n<td class=\"value\"><img decoding=\"async\" class=\"aligncenter\" src=\"http:\/\/www.indexbraille.com\/Website\/Templates\/IndexBraille\/Theme\/Images\/list-style-check.png\" \/><\/td>\n<\/tr>\n<tr class=\"techspec\">\n<td class=\"key\">\n<h4><strong>Spausdintuvo tvarkykl\u0117s Windows operacinei sistemai<br \/>\n<\/strong><\/h4>\n<\/td>\n<td class=\"value\"><img decoding=\"async\" class=\"aligncenter\" src=\"http:\/\/www.indexbraille.com\/Website\/Templates\/IndexBraille\/Theme\/Images\/list-style-check.png\" \/><\/td>\n<\/tr>\n<tr class=\"techspec\">\n<td class=\"key\">\n<h4><strong>Spausdintuvo tvarkykl\u0117 Mac operacinei sistemai<\/strong><\/h4>\n<\/td>\n<td class=\"value\"><img decoding=\"async\" class=\"aligncenter\" src=\"http:\/\/www.indexbraille.com\/Website\/Templates\/IndexBraille\/Theme\/Images\/list-style-check.png\" \/><\/td>\n<\/tr>\n<tr class=\"techspec\">\n<td class=\"key\">\n<h4><strong>Spausdintuvo tvarkykl\u0117 Linux operacinei sistemai<br \/>\n<\/strong><\/h4>\n<\/td>\n<td class=\"value\"><img decoding=\"async\" class=\"aligncenter\" src=\"http:\/\/www.indexbraille.com\/Website\/Templates\/IndexBraille\/Theme\/Images\/list-style-check.png\" \/><\/td>\n<\/tr>\n<tr class=\"techspec\">\n<td class=\"key\">\n<h4><strong>Web s\u0105saja<\/strong><\/h4>\n<\/td>\n<td class=\"value\"><img decoding=\"async\" class=\"aligncenter\" src=\"http:\/\/www.indexbraille.com\/Website\/Templates\/IndexBraille\/Theme\/Images\/list-style-check.png\" \/><\/td>\n<\/tr>\n<tr class=\"techspec\">\n<td class=\"key\">\n<h4><strong>Nemokamas programin\u0117s \u012frangos atnaujinimas<br \/>\n<\/strong><\/h4>\n<\/td>\n<td class=\"value\"><img decoding=\"async\" class=\"aligncenter\" src=\"http:\/\/www.indexbraille.com\/Website\/Templates\/IndexBraille\/Theme\/Images\/list-style-check.png\" \/><\/td>\n<\/tr>\n<tr class=\"techspec\">\n<td class=\"key\">\n<h4><strong>Palaiko idB<\/strong><\/h4>\n<\/td>\n<td class=\"value\"><img decoding=\"async\" class=\"aligncenter\" src=\"http:\/\/www.indexbraille.com\/Website\/Templates\/IndexBraille\/Theme\/Images\/list-style-check.png\" \/><\/td>\n<\/tr>\n<tr class=\"techspec-category\">\n<th colspan=\"2\">\n<h3>Elektra<\/h3>\n<\/th>\n<\/tr>\n<tr class=\"techspec\">\n<td class=\"key\">\n<h4><strong>\u012etampa<\/strong><\/h4>\n<\/td>\n<td class=\"value\" style=\"text-align: center;\">100-240 V AC<\/td>\n<\/tr>\n<tr class=\"techspec\">\n<td class=\"key\">\n<h4><strong>Did\u017eiausias galingumas<\/strong><\/h4>\n<\/td>\n<td class=\"value\" style=\"text-align: center;\">400 W<\/td>\n<\/tr>\n<tr class=\"techspec\">\n<td class=\"key\">\n<h4><strong>Galingumas &#8220;miego&#8221; re\u017eimu<br \/>\n<\/strong><\/h4>\n<\/td>\n<td class=\"value\" style=\"text-align: center;\">5 W<\/td>\n<\/tr>\n<tr class=\"techspec\">\n<td class=\"key\">\n<h4><strong>Bud\u0117jimo re\u017eimu<br \/>\n<\/strong><\/h4>\n<\/td>\n<td class=\"value\" style=\"text-align: center;\">1 W<\/td>\n<\/tr>\n<tr class=\"techspec\">\n<td class=\"key\">\n<h4><strong>Mygtukas prietaiso \u012fjungimui<br \/>\n<\/strong><\/h4>\n<\/td>\n<td class=\"value\"><\/td>\n<\/tr>\n<tr class=\"techspec-category\">\n<th colspan=\"2\">\n<h3>Kiti duomenys<\/h3>\n<\/th>\n<\/tr>\n<tr class=\"techspec\">\n<td class=\"key\">\n<h4><strong>Garantija<\/strong><\/h4>\n<\/td>\n<td class=\"value\" style=\"text-align: center;\">2 metai<\/td>\n<\/tr>\n<tr class=\"techspec\">\n<td class=\"key\">\n<h4><strong>cps\/1000 USD<\/strong><\/h4>\n<\/td>\n<td class=\"value\" style=\"text-align: center;\">19<\/td>\n<\/tr>\n<tr class=\"techspec-category\">\n<th colspan=\"2\">\n<h3>I\u0161matavimai<\/h3>\n<\/th>\n<\/tr>\n<tr class=\"techspec\">\n<td class=\"key\">\n<h4><strong>Auk\u0161tis<\/strong><\/h4>\n<\/td>\n<td class=\"value\" style=\"text-align: center;\">102 cm<\/td>\n<\/tr>\n<tr class=\"techspec\">\n<td class=\"key\">\n<h4><strong>Plotis<\/strong><\/h4>\n<\/td>\n<td class=\"value\" style=\"text-align: center;\">90 cm<\/td>\n<\/tr>\n<tr class=\"techspec\">\n<td class=\"key\">\n<h4><strong>Ilgis<br \/>\n<\/strong><\/h4>\n<\/td>\n<td class=\"value\" style=\"text-align: center;\">62 cm<\/td>\n<\/tr>\n<tr class=\"techspec\">\n<td class=\"key\">\n<h4><strong>T\u016bris<\/strong><\/h4>\n<\/td>\n<td class=\"value\" style=\"text-align: center;\">569 dm<sup>3<\/sup><\/td>\n<\/tr>\n<tr class=\"techspec\">\n<td class=\"key\">\n<h4><strong>Svoris<\/strong><\/h4>\n<\/td>\n<td class=\"value\" style=\"text-align: center;\">60 kg<\/td>\n<\/tr>\n<tr class=\"techspec\">\n<td class=\"key\">\n<h4><strong>Triuk\u0161mo lygis<br \/>\n<\/strong><\/h4>\n<\/td>\n<td class=\"value\" style=\"text-align: center;\">60 dB(A)<\/td>\n<\/tr>\n<tr class=\"techspec-category\">\n<th colspan=\"2\">\n<h3>Popierius<\/h3>\n<\/th>\n<\/tr>\n<tr class=\"techspec\">\n<td class=\"key\">\n<h4><strong>Perforuotam popieriui<br \/>\n<\/strong><\/h4>\n<\/td>\n<td class=\"value\">\n<p style=\"text-align: center;\"><img decoding=\"async\" class=\"aligncenter\" src=\"http:\/\/www.indexbraille.com\/Website\/Templates\/IndexBraille\/Theme\/Images\/list-style-check.png\" \/><\/p>\n<\/td>\n<\/tr>\n<tr class=\"techspec\">\n<td class=\"key\">\n<h4><strong>Popierius lapais<br \/>\n<\/strong><\/h4>\n<\/td>\n<td class=\"value\" style=\"text-align: center;\">&#8211;<\/td>\n<\/tr>\n<tr class=\"techspec\">\n<td class=\"key\">\n<h4><strong>Popierius i\u0161 rulono<br \/>\n<\/strong><\/h4>\n<\/td>\n<td class=\"value\">\n<p style=\"text-align: center;\">&#8211;<\/p>\n<\/td>\n<\/tr>\n<tr class=\"techspec\">\n<td class=\"key\">\n<h4><strong>Popieriaus tiektuvo talpa<br \/>\n<\/strong><\/h4>\n<\/td>\n<td class=\"value\" style=\"text-align: center;\">1000 lap\u0173<\/td>\n<\/tr>\n<tr class=\"techspec\">\n<td class=\"key\">\n<h4><strong>Popieriaus svoris<br \/>\n<\/strong><\/h4>\n<\/td>\n<td class=\"value\" style=\"text-align: center;\">120-180 g\/m2<\/td>\n<\/tr>\n<tr class=\"techspec\">\n<td class=\"key\">\n<h4><strong>Popieriaus plotis<br \/>\n<\/strong><\/h4>\n<\/td>\n<td class=\"value\" style=\"text-align: center;\">127-317 mm<\/td>\n<\/tr>\n<tr class=\"techspec\">\n<td class=\"key\">\n<h4><strong>Popieriaus ilgis<br \/>\n<\/strong><\/h4>\n<\/td>\n<td class=\"value\" style=\"text-align: center;\">25 &#8211; 304 mm<\/td>\n<\/tr>\n<tr class=\"techspec\">\n<td class=\"key\">\n<h4><strong>Kei\u010diamas lapo dysis<br \/>\n<\/strong><\/h4>\n<\/td>\n<td class=\"value\"><img decoding=\"async\" class=\"aligncenter\" src=\"http:\/\/www.indexbraille.com\/Website\/Templates\/IndexBraille\/Theme\/Images\/list-style-check.png\" \/><\/td>\n<\/tr>\n<tr class=\"techspec\">\n<td class=\"key\">\n<h4><strong>Nekei\u010diamas popieriaus dydis<br \/>\n<\/strong><\/h4>\n<\/td>\n<td class=\"value\">\n<p style=\"text-align: center;\">&#8211;<\/p>\n<\/td>\n<\/tr>\n<\/tbody>\n<\/table>\n","protected":false},"excerpt":{"rendered":"<p>1000 puslapi\u0173\/val. \u017demas triuk\u0161mo lygis Nuotolin\u0117 pagalba internetu Auk\u0161tos rai\u0161kos lyt\u0117jimo grafika Lengva prie\u017ei\u016bra vietoje Protinga vartotojo s\u0105saja FanFold-D V5 kartos spausdintuvai yra didel\u0117s spartos Brailio spausdintuvas kurio pagrindas yra gerai pasitvirtinusi BrailleBox V5 technologij\u0173 platforma. Jis jungia puiki\u0105 ta\u0161ko kokyb\u0119, didel\u012f spaudos greit\u012f, ma\u017eos prie\u017ei\u016bros s\u0105naudos ir konkurencinga kaina. \u0160io spausdintuvo principas sudarytas i\u0161 &hellip; <a href=\"https:\/\/bscentras.lt\/?page_id=245\" class=\"more-link\">Continue reading <span class=\"screen-reader-text\">FanFold-D V5<\/span> <span class=\"meta-nav\">&rarr;<\/span><\/a><\/p>\n","protected":false},"author":1,"featured_media":0,"parent":42,"menu_order":0,"comment_status":"closed","ping_status":"closed","template":"","meta":{"footnotes":""},"class_list":["post-245","page","type-page","status-publish","hentry"],"_links":{"self":[{"href":"https:\/\/bscentras.lt\/index.php?rest_route=\/wp\/v2\/pages\/245","targetHints":{"allow":["GET"]}}],"collection":[{"href":"https:\/\/bscentras.lt\/index.php?rest_route=\/wp\/v2\/pages"}],"about":[{"href":"https:\/\/bscentras.lt\/index.php?rest_route=\/wp\/v2\/types\/page"}],"author":[{"embeddable":true,"href":"https:\/\/bscentras.lt\/index.php?rest_route=\/wp\/v2\/users\/1"}],"replies":[{"embeddable":true,"href":"https:\/\/bscentras.lt\/index.php?rest_route=%2Fwp%2Fv2%2Fcomments&post=245"}],"version-history":[{"count":5,"href":"https:\/\/bscentras.lt\/index.php?rest_route=\/wp\/v2\/pages\/245\/revisions"}],"predecessor-version":[{"id":279,"href":"https:\/\/bscentras.lt\/index.php?rest_route=\/wp\/v2\/pages\/245\/revisions\/279"}],"up":[{"embeddable":true,"href":"https:\/\/bscentras.lt\/index.php?rest_route=\/wp\/v2\/pages\/42"}],"wp:attachment":[{"href":"https:\/\/bscentras.lt\/index.php?rest_route=%2Fwp%2Fv2%2Fmedia&parent=245"}],"curies":[{"name":"wp","href":"https:\/\/api.w.org\/{rel}","templated":true}]}}